+ 6024. Let v be p(5). Calculate the highest common factor of v and 13167.
99
Let p(b) = 5*b**2 - 31*b + 52. Let z be p(4). What is the highest common divisor of 7808 and z?
8
Let h = -505 + 563. Let f be ((-28)/35)/(2/(-5)). Suppose 6*k - f = h. Calculate the highest common divisor of k and 2.
2
Let g = 14 + -18. Let s(a) be the third derivative of a**5/30 + 5*a**4/24 - 7*a**3/6 - 61*a**2. Let r be s(g). Calculate the highest common factor of 35 and r.
5
Suppose 0 = l + 5*r + 1083 - 3042, 2*l = -2*r + 3926. Suppose 3*t + 3*d = -2*d + l, 1310 = 2*t + 3*d. What is the greatest common factor of t and 28?
14
Let q = 84026 + -57489. What is the greatest common factor of 17 and q?
17
Let h = -248 - -248. Suppose -2*l - 203 + 775 = h. What is the greatest common factor of 22 and l?
22
Suppose r + 4*m = -5 + 50, -2*r - 3*m = -75. Let o be 65 - (-1 + 1 - 1). What is the greatest common divisor of r and o?
33
Suppose -2*r - 2*r + 196 = -4*i, 4*r + 209 = -5*i. Suppose 0 = 6*s - s - 985. Let y = s - i. What is the highest common factor of y and 22?
22
Let f = 11938 - 7542. What is the highest common divisor of f and 28?
28
Suppose 37*s - 41*s + 276 = 0. Suppose 0 = 8*m + 91 + s. Let i be (12 - m) + -1 + 1. What is the greatest common divisor of 48 and i?
16
Let b = 1462 + -604. Suppose 251*n - 240*n = b. What is the greatest common divisor of n and 104?
26
Let o be -14*(-88)/(-77)*1/(-4). Suppose 10 - 8 = -l - 4*f, -2*f - o = -l. Calculate the greatest common factor of l and 16.
2
Let s(p) = p**2 + 12*p + 14. Let d be s(-11). Suppose 8 = 5*h + d. Let i = h - -28. Calculate the greatest common factor of i and 290.
29
Let l be (6 - (14 - 7))*1. Let t be 4*(-2 + (0 - l)) - -344. Calculate the greatest common divisor of 40 and t.
20
Suppose -3*y + 2*x = -106, 21 = -y + x + 56. Suppose -46*i = -47*i + y. What is the highest common divisor of 9 and i?
9
Suppose -71 = -7*d - 561. Let b be (d + 58)*26/(-8). Calculate the highest common divisor of 6 and b.
3
Let z(c) = 3*c + 225. Let i be z(-60). What is the highest common divisor of i and 5?
5
Let y(s) be the first derivative of s**4/4 + 6*s**3 - 3*s**2 - 10*s + 242. Let c be y(-18). What is the highest common factor of 490 and c?
98
Let i(x) = 4*x**2 - 4*x - 3. Let h be i(2). Suppose 0 = 4*b - h*a - 0*a - 805, -3*a = 15. Let g be 826/21 - 1/3. What is the highest common factor of g and b?
39
Let x = 3784 - 3763. What is the highest common factor of x and 219?
3
Let o = 1506 - 1240. What is the highest common factor of o and 182?
14
Suppose 0 = -4*w, -142*f - w + 495 = -139*f. Suppose -3*r + 0*i + 29 = -4*i, -5*r + 79 = i. What is the highest common factor of r and f?
15
Let i be 98/3 + (-22)/33. Suppose 236 - i = 4*k. Suppose 19*q - 20*q = -k. What is the greatest common factor of q and 34?
17
Let a(l) = 11*l**3 + 6*l**2 + 15*l - 83. Let b be a(7). What is the highest common divisor of b and 87?
87
Let b = -7092 + 7952. Calculate the greatest common divisor of 160 and b.
20
Let x be (-3)/(-10) - 5519400/(-2000). What is the highest common divisor of x and 48?
24
Let j be (-8)/(-3)*(-312)/(-16). Let d = -19 + 17. Let p(w) = -37*w + 4. Let r be p(d). What is the highest common factor of r and j?
26
Let b(m) = 28*m**3 - 16*m**2 - 4*m + 3. Let x be b(3). Calculate the greatest common divisor of x and 9.
9
Suppose 2235 = 6*f - 11*f. Let z = -302 - f. Suppose -15*w + 2*l - 639 = -36*w, 2*w + 2 = 4*l. Calculate the highest common factor of z and w.
29
Suppose -66*p = 2132 - 6884. What is the greatest common factor of 1056 and p?
24
Suppose 1 = u - 1. Suppose f = -u*a + 165, 3*a + 4*f + 140 = 5*a. What is the greatest common factor of a and 16?
16
Suppose 57219 + 432669 = 94*y - 13*y. What is the highest common divisor of y and 108?
108
Let u be (11 + -9)*(-470)/(-4). Let j be -376*(28/8)/(-7). What is the highest common factor of j and u?
47
Let z be ((-36)/5)/(987184/(-70510) - -14). Calculate the greatest common factor of 72 and z.
18
Let o = 96 + -91. Suppose o*v + 43 = 303. Let s(w) = -w**3 + 17*w**2 - 12*w + 14. Let i be s(16). What is the greatest common factor of v and i?
26
Suppose -266*n + 268*n - r = 87, -2*r + 18 = 0. What is the highest common factor of 4710 and n?
6
Let a = -20 + 20. Suppose 16 = 3*v - 5*i, -2*v + v - 3*i - 4 = a. Suppose 0 = -5*y + 4*m + 9, 3*y + v*m = y. What is the highest common divisor of 2 and y?
1
Let l(o) be the second derivative of o**4/12 - o**3/3 - 2*o**2 + 2*o - 32. Let t be l(11). Calculate the greatest common divisor of t and 57.
19
Let d be (-10 + 151 - 1) + ((-60)/3)/4. What is the greatest common divisor of d and 1863?
27
Let j = 3222 + -3145. What is the greatest common divisor of j and 440?
11
Let f = -16785 + 16787. Calculate the highest common factor of 10238 and f.
2
Suppose 2*r - 418 = 2*q, -4*q + 3*q + 1 = 0. Calculate the greatest common divisor of 4956 and r.
42
Let s(w) = 15*w**2 + 14*w + 15. Let l be s(15). Suppose 13*a = -37*a + l. Calculate the greatest common factor of 198 and a.
18
Let z be (-40)/8*(-2)/5. Suppose y + i - 147 = 0, -5*y + 465 = -z*y - 5*i. Suppose -3*l = -l - y. Calculate the highest common divisor of l and 25.
25
Suppose -4*i = -k - 30, -13*k - 12 = -15*k. Calculate the greatest common factor of 20151 and i.
9
Let r(s) = 23*s**2 + 26*s + 12. Let c be r(-1). Calculate the greatest common divisor of c and 309.
3
Suppose 3*k - 133 = -7. Let u be (-12)/9*k/(-28). What is the highest common factor of u and 5?
1
Let o be 596906/51 + -45 + (-112357)/(-2499). What is the greatest common factor of o and 56?
56
Let x be 923/(-39)*(-2 + -1). Let r = x + 229. Calculate the greatest common divisor of 60 and r.
60
Let s(h) = -4*h + 17. Let z be s(-6). Let m be z + 0 + -2 - -3. Let j = 60 - m. Calculate the highest common divisor of j and 9.
9
Let a be (27/5)/((-3074)/220 + 14). Calculate the greatest common divisor of a and 990.
198
Let x(r) = 52*r - 451. Let j be x(36). What is the highest common divisor of j and 29?
29
Let i(o) = -o + 101. Let z be i(22). Suppose z = 3*j - 3*m - 200, 0 = -3*j - 3*m + 297. What is the greatest common divisor of 72 and j?
24
Suppose 1160 = 5*g + z, 928 = 4*g - 28*z + 32*z. What is the greatest common factor of 248 and g?
8
Suppose 594*a + 124 = 596*a. Calculate the greatest common factor of 8 and a.
2
Let s(m) = 2*m**2 - m**2 - 5357*m + 5366*m + 6. Let c be s(-10). Calculate the greatest common divisor of c and 112.
16
Let p = 222 - 246. Let m be (p/(-6))/(-4) + 12. What is the greatest common divisor of 297 and m?
11
Suppose -17*m + 1216 = 36 - 44. Suppose 0 = -3*n + 5*n - 44. Let v = n - 4. Calculate the highest common factor of v and m.
18
Suppose 180*q = 74*q - 215*q + 2273643. Calculate the highest common factor of q and 9.
9
Let p(l) = l**3 - 37*l**2 + 85*l - 147. Let x be p(35). Calculate the highest common divisor of 483 and x.
21
Let d be 8 - (-1)/(-1)*5. Suppose 2*h + d*n = h + 6, 0 = h + 4*n - 2. What is the greatest common divisor of 30 and h?
6
Let g(h) = -9*h + 249. Let a(i) = i**3 - 36*i**2 - 34*i - 88. Let s be a(37). Let r be g(s). What is the greatest common factor of 399 and r?
21
Suppose 40*g - 18*g - 11*g = 528. What is the highest common factor of g and 936?
24
Let h = 2290 + -1331. Calculate the greatest common divisor of 685 and h.
137
Let q(t) be the first derivative of 2*t**3/3 - 7*t**2 + 2*t - 78. Let l be q(17). Calculate the greatest common divisor of l and 38.
38
Let g be (4/2)/(-4)*(-33744)/111. Calculate the greatest common factor of g and 247.
19
Suppose 0 = -62*z + 227450 - 14108. What is the highest common factor of z and 744?
93
Suppose -80593 = -124*l + 32867. Calculate the highest common divisor of 4209 and l.
183
Let j(t) = -6*t**3 + 42*t**2 + 16*t + 4. Let o be j(7). What is the greatest common factor of o and 15805?
29
Let r(l) = -l**3 - 5*l**2 + l + 5. Let w be r(-5). Suppose w*n - 2*n = -44. Let p be (-26 - 1)*(-46)/207 + 5. Calculate the greatest common factor of n and p.
11
Let f = 8773 - 8608. What is the highest common divisor of f and 4785?
165
Let w = 410 - 300. Suppose -15*k + w = -4*k. Calculate the greatest common divisor of k and 520.
10
Suppose -2*s + 5*i = -0*i - 8, -4*s + 6 = -5*i. Let t(r) = -279*r**3 + r**2 - r - 2. Let q be t(s). What is the greatest common 